-67 + 121. What are the prime factors of v?
2, 3
Let l = -17 + 8. Let f = -6 - l. List the prime factors of f.
3
Let z = 1 + -7. Let x = -3 - z. Suppose 2*t = -3*m + 3, -2*t + x*m + 27 = t. What are the prime factors of t?
2, 3
What are the prime factors of -1 + 5/4 - 671/(-4)?
2, 3, 7
Suppose 3*l + 132 = 5*j, 0 = -j - 5*l - 3 + 7. List the prime factors of j.
2, 3
Suppose 50 = -n - 4*n. What are the prime factors of 2/5 - 36/n?
2
Let l be (12/(-8))/(1/2). Let q be 2 + l + (0 - -39). Suppose -h - h = -q. What are the prime factors of h?
19
Let p = 35 - 26. What are the prime factors of p?
3
Let i = -549 + 302. List the prime factors of i/(-7) - 4/14.
5, 7
Let c(t) = t**2 - 5*t + 4. Let n be c(4). Suppose 0 = 2*i - n - 12. What are the prime factors of i?
2, 3
Suppose -h + 9 = c, -10 = -3*c - 2*c. Suppose 3*m + h*u - 63 = 4*u, 5*u - 10 = 0. What are the prime factors of 4/8 - m/(-2)?
2, 5
Suppose -l + 4 = r, -4*r - r + 20 = 2*l. Suppose -3*i - 61 = -p + 17, -p = r*i + 97. Let v = i + 40. What are the prime factors of v?
3, 5
Let o(g) = 27*g**2 - 8*g + 5. What are the prime factors of o(3)?
2, 7
Let v = 86 + -35. List the prime factors of v.
3, 17
Suppose -77 = -4*v + 295. What are the prime factors of v?
3, 31
Let q(n) = 2 - 2 - n + 2 + 0*n. List the prime factors of q(-4).
2, 3
Let t = 25 + -13. List the prime factors of t.
2, 3
Let b = -3 + 3. Suppose 5*v - 6*p = -p, v + 5*p = b. Suppose v = -2*i + 25 + 3. List the prime factors of i.
2, 7
Suppose -3*t + 2*t = 0. Suppose 2*a = -n + a + 3, -n + 5*a - 3 = t. List the prime factors of n.
2
Let j(r) = -r - 1. Let t be j(-3). Let x(i) = 7*i**2 + 3*i - 1. Let u be x(t). Suppose -u = -0*c - 3*c. List the prime factors of c.
11
Let z be 6*1/(-2 - -5). Suppose i + 13 = z*i. What are the prime factors of i?
13
Let h be (-2 - 1)*2/(-1). Suppose x = -4*a - 5, h + 19 = -2*a - 5*x. Suppose a = -3*c + 1 + 17. List the prime factors of c.
2, 3
Suppose 55 - 2 = o. List the prime factors of o.
53
Let c be 2 + 0 + (-1 - -3). Let u(b) = b**3 - 2*b**2 - 5*b. What are the prime factors of u(c)?
2, 3
Let c = 1 - -9. Suppose 5*w = 5*z + 3*w - 605, 2*w = c. What are the prime factors of z/9 - (-2)/(-3)?
13
Let n(w) = w**3 + 14*w**2 - 3*w - 6. List the prime factors of n(-14).
2, 3
Let u = 58 - 35. List the prime factors of u.
23
Suppose -4*i + 146 - 22 = 0. Let m = i - 18. List the prime factors of m.
13
Suppose -j = -2*u + 285, -2*u = 2*u + 3*j - 555. List the prime factors of u.
3, 47
Suppose 3*o = -0*o + 66. Let r = 38 - o. Let n = r - 10. List the prime factors of n.
2, 3
Suppose 10 = 3*p - 2. Suppose -p*v + 7 + 21 = -5*o, -v + 4*o + 18 = 0. What are the prime factors of v?
2
Let v(b) = b**3 + b**2 - b + 2. Let m = 14 + -14. List the prime factors of v(m).
2
Let u(g) = 6*g**2 - 1 + g**3 + g - 7 - 1 - 4*g. Let p = 3 - 9. List the prime factors of u(p).
3
Suppose 3*x - 42 = -6*l + 3*l, -5*x + 94 = -l. What are the prime factors of x?
2, 3
Let o = 250 - 37. List the prime factors of o.
3, 71
Let h be (2*1)/(6/(-9)). Let p = h - -5. Suppose -4 = -0*n - p*n. List the prime factors of n.
2
Suppose 2*p - 21 = -11. List the prime factors of p.
5
Suppose -z - 4*r = -r, -2*z + 5*r = 0. Suppose z = 2*b - 0 - 10. List the prime factors of b.
5
Let r(o) = o**3 - 11*o**2 - 9*o + 5. What are the prime factors of r(12)?
41
Let j(w) = -w**3 + 2*w**2 + 6*w - 2. Let h be j(4). Let t be h/4 + (-1)/(-2). Let g(x) = x**2 + x + 2. What are the prime factors of g(t)?
2
Let s be (4*(3 - 0))/(-1). Let r = 55 + -38. Let k = r + s. List the prime factors of k.
5
Let b(j) be the first derivative of 2 - 1/2*j**4 + 0*j**2 + 0*j - 1/3*j**3. What are the prime factors of b(-2)?
2, 3
Let l(v) be the third derivative of v**4/3 - 4*v**3 + 3*v**2. List the prime factors of l(7).
2
Let t(b) = -b**3 + 13*b**2 - 10*b - 13. What are the prime factors of t(11)?
7, 17
Let u = 3 - -23. List the prime factors of u.
2, 13
Suppose 0 = 4*f - 418 - 214. Let a(i) = -i**3 + 1. Let j be a(2). List the prime factors of f/14 + 2/j.
11
Let r(x) = x**3 - 3*x**2 + x + 2. Let v be r(5). Suppose -2*c - 3*z + 19 = 0, 2*z = -c + 6*c - v. What are the prime factors of c?
11
Let f be 138/(-18) + (-1)/3. What are the prime factors of (74/3)/(f/(-12))?
37
Let r = 4 - 6. What are the prime factors of ((-7)/((-7)/(-20)))/r?
2, 5
Let t(u) = 16*u**3 - 2*u**2 + 6*u - 6. What are the prime factors of t(2)?
2, 3, 7
Suppose 2 = -2*v - 2. Suppose 5*q + 2*n - 41 = 0, 3*q - 2*q - 19 = -4*n. Let p = v + q. What are the prime factors of p?
5
Let s be (-33)/((-9)/(-3)) + 2. Let z = s - -11. What are the prime factors of z?
2
Suppose -g + 5 = 3*y, 3*g = -3*y + g + 1. Suppose 5*n + 38 = y*d - 0*d, 18 = d + n. What are the prime factors of d?
2
Suppose -3*q + 3*l = 2*q - 22, 2*q + 16 = -5*l. Suppose 17 = 3*n - q*n. List the prime factors of n.
17
Let n(y) = -2*y**3 - 22*y**2 + 24*y + 32. Let v(z) = z**3 + 11*z**2 - 12*z - 16. Let k(o) = -2*n(o) - 5*v(o). List the prime factors of k(-12).
2
Suppose 0 = k - 23 + 2. What are the prime factors of k?
3, 7
Let v(q) = 12*q + 5. List the prime factors of v(2).
29
Let j be (-22)/(-8) + (-3)/(-12). Let f be 5/((-5)/2) - -61. Suppose 4*u + f = 3*p, -j*p - 62 = -7*p + 2*u. What are the prime factors of p?
13
Let i(u) = u**2 - 9*u - 18. What are the prime factors of i(-8)?
2, 59
Let s(u) = 8*u - 12. Let q be s(-4). Suppose -2*g - 4*z = 54, -g + 4*z - 15 = -0*z. Let r = g - q. List the prime factors of r.
3, 7
Let a(g) = -g + 10. Let t be a(7). Suppose -3*k = -k - 2*v, 18 = 3*k + t*v. What are the prime factors of k?
3
Let k(t) = t**2 + 7*t + 1. Let n be 2/6 - 19/3. Let r be k(n). What are the prime factors of (-35)/(-25) + (-3)/r?
2
Let q be 7/2 + (-2)/4. What are the prime factors of 4 + q + 1 + 1?
3
Let j(y) = -y**2 + y. Let k(m) = 6*m + 3. Let c(q) = j(q) - k(q). What are the prime factors of c(-3)?
3
Suppose f - 3 - 2 = 0. Suppose f*j - 61 = 34. What are the prime factors of j?
19
Let p(w) = -w**2 + 65. What are the prime factors of p(0)?
5, 13
Let n(m) = 18*m**2 - 9*m + 4. List the prime factors of n(3).
139
Suppose -2*k - 3*j + 18 = -7*j, -5*k - 2*j + 45 = 0. Let q(r) = r**2 - 5*r + 3. Let n be q(4). Let d = k + n. What are the prime factors of d?
2
List the prime factors of 2/(-3) + (1304/(-12))/(-1).
2, 3
Let m be 0 - (-2 + 2)/(-3). Suppose -4*k + 15 = -m*k + s, 3*s = -k + 12. What are the prime factors of k?
3
Let v(r) = -3*r + 4. Let y(d) = 4*d - 5. Let z(m) = -5*v(m) - 4*y(m). What are the prime factors of z(-3)?
3
Let r(j) = 4*j**3 - 28*j**2 + 17*j + 30. Let u(p) = 3*p**3 - 19*p**2 + 11*p + 20. Let m(s) = -5*r(s) + 7*u(s). What are the prime factors of m(-7)?
2, 23
Suppose 2*y - 18 = -4*j, 0*j - 12 = -2*y + 2*j. What are the prime factors of y?
7
Let t(r) be the third derivative of r**6/120 - r**5/30 + r**4/24 + r**3/2 - r**2. Suppose 5*k = -0*k + 15. List the prime factors of t(k).
3, 5
Let x = -1 - -10. Let y = 9 - x. What are the prime factors of (-3 - y)/((-3)/15)?
3, 5
Let s(d) = -d + 13. Let w = 16 - 10. What are the prime factors of s(w)?
7
Let c(m) = 35*m - 70. List the prime factors of c(11).
3, 5, 7
Let j = -51 + 66. What are the prime factors of j?
3, 5
Let f = 37 + -55. Let p = f - -30. List the prime factors of p.
2, 3
Let w(k) = -14*k - 1. Let v be w(1). Let r = v - -25. List the prime factors of r.
2, 5
Let s(t) = -2*t + 1. Let x be s(6). Let l = -6 - x. List the prime factors of l.
5
Let p be 12*((-7)/(-4) + -1). Suppose 3*s + 20 - 8 = 0. Let y = p + s. What are the prime factors of y?
5
Let n(b) = -2*b**3 + 2*b**2 + 6*b + 8. List the prime factors of n(-2).
2, 5
Suppose -177 = -p + 5*k, -2*p - 195 + 573 = 2*k. List the prime factors of p.
11, 17
Let p = -19 + 25. Suppose p*j = -0*j + 24. What are the prime factors of j?
2
Suppose 0 = j + 4*t - 14, -5*j + t + 22 + 6 = 0. List the prime factors of j.
2, 3
Let t(j) = -j**3 - 4*j**2 - 2*j - 4. Let o be t(-4). Let w(k) = 10*k + 1. Let f be w(1). Let x = f - o. List the prime factors of x.
7
Suppose -3*u + 7 = -5. Suppose -u*w + 2*w = -36. What are the prime factors of w?
2, 3
Suppose 2*o + y + 0*y - 48 = 0, 3*y - 92 = -4*o. List the prime factors of o.
2, 13
Let o = -30 + 52. What are the prime factors of o?
2, 11
What are the prime factors of (-44)/11 - (1 - 26)?
3, 7
Let w(c)